{"id":2190,"date":"2022-01-19T14:25:29","date_gmt":"2022-01-19T13:25:29","guid":{"rendered":"https:\/\/www.solutions-exchange.fr\/?page_id=2190"},"modified":"2023-09-07T16:11:11","modified_gmt":"2023-09-07T14:11:11","slug":"barracuda-wafaas","status":"publish","type":"page","link":"https:\/\/www.solutions-exchange.fr\/index.php\/barracuda\/barracuda-wafaas\/","title":{"rendered":"Barracuda WAFaas"},"content":{"rendered":"<p>[vc_row height_ratio=\u00a0\u00bb40&Prime; rc_bg_type=\u00a0\u00bbimage\u00a0\u00bb rc_bg_image=\u00a0\u00bb1544&Prime;][vc_column]<div class=\"eut-empty-space\" style=\"height: 32px;\"><\/div>[vc_column_text]<\/p>\n<h3 style=\"text-align: left;\"><span style=\"color: #ffffff;\"><br \/>\nBarracuda WAFaas <\/span><\/h3>\n<p><span style=\"color: #ffffff;\">S\u00e9curisation compl\u00e8te des applications et des sites web<\/span>[\/vc_column_text]<div class=\"eut-empty-space\" style=\"height: 32px;\"><\/div>[\/vc_column][\/vc_row][vc_row][vc_column]<div class=\"eut-empty-space\" style=\"height: 32px;\"><\/div>[\/vc_column][vc_column width=\u00a0\u00bb1\/2&Prime;][vc_column_text]<\/p>\n<h5>La s\u00e9curit\u00e9 en quelques minutes<\/h5>\n<p>La s\u00e9curit\u00e9 en quelques minutes<br \/>\nLa configuration des pare-feux de type web application firewall classiques peut n\u00e9cessiter plusieurs jours de travail. Mais en tant que service de s\u00e9curit\u00e9 des applications complet fourni depuis le cloud, Barracuda WAF-as-a-Service sort des sentiers battus. D\u00e9ployez-le, configurez-le et lancez-le en production pour qu&rsquo;il prot\u00e8ge toutes vos applications contre toutes les menaces, le tout en une poign\u00e9e de minutes.[\/vc_column_text]<div class=\"eut-empty-space\" style=\"height: 32px;\"><\/div>[\/vc_column][vc_column width=\u00a0\u00bb1\/2&Prime;][vc_column_text]<\/p>\n<h5>Simplicit\u00e9 et flexibilit\u00e9<\/h5>\n<p>Barracuda WAF-as-a-Service apporte une simplicit\u00e9 in\u00e9gal\u00e9e gr\u00e2ce \u00e0 son assistant de d\u00e9ploiement en 5 \u00e9tapes, ses mod\u00e8les pr\u00e9d\u00e9finis, son interface utilisateur intuitive et ses ensembles de r\u00e8gles illimit\u00e9s.<\/p>\n<h5>Consid\u00e9rablement \u00e9volutif et disponible mondialement<\/h5>\n<p>Certifi\u00e9 Azure, Barracuda WAF-as-a-Service est pr\u00eat \u00e0 s\u00e9curiser toutes vos applications. Il profite de l&rsquo;omnipr\u00e9sence mondiale et de la flexibilit\u00e9 des ressources Azure pour r\u00e9pondre aux besoins de disponibilit\u00e9 et aux contraintes de r\u00e9sidence des donn\u00e9es \u00e0 chaque instant.<\/p>\n<h5>Protection anti-DDoS illimit\u00e9e incluse<\/h5>\n<p>Barracuda WAF-as-a-Service comprend une protection compl\u00e8te contre les attaques par d\u00e9ni de service distribu\u00e9 sur les niveaux L3 \u00e0 L7 (volum\u00e9trique et applicatif) pour prot\u00e9ger vos applications contre les perturbations et garantir une disponibilit\u00e9 ininterrompue.[\/vc_column_text][\/vc_column][vc_column][\/vc_column][\/vc_row][vc_row][vc_column]<div class=\"eut-empty-space\" style=\"height: 32px;\"><\/div>[\/vc_column][vc_column width=\u00a0\u00bb1\/2&Prime;][vc_column_text]<\/p>\n<h3>Profitez d&rsquo;une s\u00e9curisation compl\u00e8te des applications en cinq \u00e9tapes simples.<\/h3>\n<p>&nbsp;<\/p>\n<p>Barracuda WAF-as-a-Service vous donne le contr\u00f4le total. Le d\u00e9ploiement est simple et rapide : il suffit de suivre l&rsquo;assistant en 5 \u00e9tapes et d&rsquo;utiliser les ensembles de r\u00e8gles pr\u00e9d\u00e9finis. Autrement, vous pouvez choisir une approche plus libre et cr\u00e9er, perfectionner et appliquer vos propres ensembles de r\u00e8gles personnalis\u00e9s aux applications sp\u00e9cifiques de votre choix. Quel que soit votre choix, WAF-as-a-Service vous apporte toutes les fonctionnalit\u00e9s et capacit\u00e9s dont vous avez besoin pour s\u00e9curiser vos applications de bout en bout.[\/vc_column_text][\/vc_column][vc_column width=\u00a0\u00bb1\/2&Prime;]<div class=\"eut-element eut-image eut-align-center\" style=\"\">  <div class=\"eut-image-wrapper\"><img loading=\"lazy\" decoding=\"async\" width=\"300\" height=\"229\" src=\"https:\/\/www.solutions-exchange.fr\/wp-content\/uploads\/2022\/images\/Barracuda\/wafass-1-300x229.png\" class=\"attachment-medium size-medium\" alt=\"\" srcset=\"https:\/\/www.solutions-exchange.fr\/wp-content\/uploads\/2022\/images\/Barracuda\/wafass-1-300x229.png 300w, https:\/\/www.solutions-exchange.fr\/wp-content\/uploads\/2022\/images\/Barracuda\/wafass-1.png 394w\" sizes=\"auto, (max-width: 300px) 100vw, 300px\" \/>  <\/div><\/div>[\/vc_column][vc_column]<div class=\"eut-empty-space\" style=\"height: 32px;\"><\/div>[\/vc_column][\/vc_row][vc_row][vc_column]<div class=\"eut-empty-space\" style=\"height: 32px;\"><\/div>[\/vc_column][vc_column width=\u00a0\u00bb1\/2&Prime;]<div class=\"eut-element eut-image eut-align-center\" style=\"\">  <div class=\"eut-image-wrapper\"><img loading=\"lazy\" decoding=\"async\" width=\"300\" height=\"300\" src=\"https:\/\/www.solutions-exchange.fr\/wp-content\/uploads\/2022\/images\/Barracuda\/wafass-2-300x300.png\" class=\"attachment-medium size-medium\" alt=\"\" srcset=\"https:\/\/www.solutions-exchange.fr\/wp-content\/uploads\/2022\/images\/Barracuda\/wafass-2-300x300.png 300w, https:\/\/www.solutions-exchange.fr\/wp-content\/uploads\/2022\/images\/Barracuda\/wafass-2-150x150.png 150w, https:\/\/www.solutions-exchange.fr\/wp-content\/uploads\/2022\/images\/Barracuda\/wafass-2.png 304w\" sizes=\"auto, (max-width: 300px) 100vw, 300px\" \/>  <\/div><\/div>[\/vc_column][vc_column width=\u00a0\u00bb1\/2&Prime;][vc_column_text]<\/p>\n<h3>Prot\u00e9gez vos API et vos applications mobiles<\/h3>\n<p><span style=\"color: #000000;\">L&rsquo;interconnexion croissante des applications modernes expose davantage d&rsquo;API aux attaques. Barracuda WAF-as-a-Service prot\u00e8ge l&rsquo;ensemble de votre surface d&rsquo;attaque, y compris les API REST et les applications bas\u00e9es sur les API. Les fonctionnalit\u00e9s de d\u00e9couverte d&rsquo;API ont recours \u00e0 vos fichiers de d\u00e9finition d&rsquo;API pour cr\u00e9er automatiquement les ensembles de r\u00e8gles destin\u00e9s aux API, r\u00e9duisant ainsi les frais de gestion. Barracuda WAF-as-a-Service offre une protection pour les API XML et JSON, y compris une protection contre les attaques parser et DDoS.<\/span>[\/vc_column_text][\/vc_column][vc_column]<div class=\"eut-empty-space\" style=\"height: 32px;\"><\/div>[\/vc_column][\/vc_row][vc_row][vc_column]<div class=\"eut-empty-space\" style=\"height: 32px;\"><\/div>[\/vc_column][vc_column width=\u00a0\u00bb1\/2&Prime;][vc_column_text]<\/p>\n<h3>\u00c9loignez les bots les plus sophistiqu\u00e9s du moment de vos applications<\/h3>\n<p>Les bots malveillants \u00e9volu\u00e9s imitent les utilisateurs humains afin d&rsquo;\u00e9chapper aux syst\u00e8mes de d\u00e9tection classiques. Le blocage de bots l\u00e9gitimes peut toutefois nuire \u00e0 votre activit\u00e9. Les syst\u00e8mes de lutte contre les bots doivent donc distinguer les bots l\u00e9gitimes des bots malveillants, mais \u00e9galement les utilisateurs humains des bots avanc\u00e9s. Barracuda WAF-as-a-Service propose la solution Advanced Bot Protection, qui fait appel au machine learning pour perfectionner en permanence sa capacit\u00e9 \u00e0 d\u00e9tecter et \u00e0 bloquer les bots malveillants ou trompeurs, avec une incidence minimale sur le trafic l\u00e9gitime.[\/vc_column_text][\/vc_column][vc_column width=\u00a0\u00bb1\/2&Prime;]<div class=\"eut-element eut-image eut-align-center\" style=\"\">  <div class=\"eut-image-wrapper\"><img loading=\"lazy\" decoding=\"async\" width=\"295\" height=\"273\" src=\"https:\/\/www.solutions-exchange.fr\/wp-content\/uploads\/2022\/images\/Barracuda\/wafass-3.png\" class=\"attachment-medium size-medium\" alt=\"\" \/>  <\/div><\/div>[\/vc_column][vc_column]<div class=\"eut-empty-space\" style=\"height: 32px;\"><\/div>[\/vc_column][\/vc_row][vc_row][vc_column]<div class=\"eut-empty-space\" style=\"height: 32px;\"><\/div>[\/vc_column][vc_column width=\u00a0\u00bb1\/2&Prime;]<div class=\"eut-element eut-image eut-align-center\" style=\"\">  <div class=\"eut-image-wrapper\"><img loading=\"lazy\" decoding=\"async\" width=\"300\" height=\"293\" src=\"https:\/\/www.solutions-exchange.fr\/wp-content\/uploads\/2022\/images\/Barracuda\/wafass-4-300x293.png\" class=\"attachment-medium size-medium\" alt=\"\" srcset=\"https:\/\/www.solutions-exchange.fr\/wp-content\/uploads\/2022\/images\/Barracuda\/wafass-4-300x293.png 300w, https:\/\/www.solutions-exchange.fr\/wp-content\/uploads\/2022\/images\/Barracuda\/wafass-4.png 352w\" sizes=\"auto, (max-width: 300px) 100vw, 300px\" \/>  <\/div><\/div>[\/vc_column][vc_column width=\u00a0\u00bb1\/2&Prime;][vc_column_text]<\/p>\n<h3>Profitez d\u2019une protection anti-DDoS avanc\u00e9e sans surco\u00fbt<\/h3>\n<p>La protection DDoS illimit\u00e9e vous lib\u00e8re totalement l&rsquo;esprit en bloquant la totalit\u00e9 des menaces sur les applications, bien au-del\u00e0 des seules vuln\u00e9rabilit\u00e9s class\u00e9es au top 10 de l&rsquo;OWASP. De plus, contrairement aux autres solutions, WAF-as-a-Service fournit \u00e9galement une protection int\u00e9grale sur les couches 3 \u00e0 7 afin de garantir une disponibilit\u00e9 sans interruption de toutes les applications dont d\u00e9pend votre activit\u00e9. Au fait, on vous a dit que la protection \u00e9tait illimit\u00e9e ? Parfaitement ! Une protection compl\u00e8te contre le DDoS est int\u00e9gr\u00e9e. Sans surco\u00fbt.[\/vc_column_text][\/vc_column][vc_column]<div class=\"eut-empty-space\" style=\"height: 32px;\"><\/div>[\/vc_column][\/vc_row][vc_row][vc_column]<div class=\"eut-empty-space\" style=\"height: 32px;\"><\/div>[\/vc_column][vc_column width=\u00a0\u00bb1\/2&Prime;][vc_column_text]<\/p>\n<h3>Trouvez et corrigez automatiquement les vuln\u00e9rabilit\u00e9s<\/h3>\n<p>&nbsp;<\/p>\n<p>Les d\u00e9ploiements complexes ou rapides et les mises \u00e0 jour fr\u00e9quentes des applications sont souvent source de nouvelles vuln\u00e9rabilit\u00e9s. Barracuda WAF-as-a-Service exploite notre scanner de vuln\u00e9rabilit\u00e9s avanc\u00e9 pour surveiller en permanence l&rsquo;ensemble de votre d\u00e9ploiement afin de d\u00e9tecter des vuln\u00e9rabilit\u00e9s.<\/p>\n<p>Lorsqu&rsquo;il en trouve, m\u00eame sur des applications en cours de d\u00e9veloppement, il peut les corriger automatiquement ou d&rsquo;un simple clic. Gr\u00e2ce aux rapports d\u00e9taill\u00e9s sur les vuln\u00e9rabilit\u00e9s d\u00e9couvertes et corrig\u00e9es vous pouvez d\u00e9montrer votre conformit\u00e9.[\/vc_column_text][\/vc_column][vc_column width=\u00a0\u00bb1\/2&Prime;]<div class=\"eut-element eut-image eut-align-center\" style=\"\">  <div class=\"eut-image-wrapper\"><img loading=\"lazy\" decoding=\"async\" width=\"300\" height=\"300\" src=\"https:\/\/www.solutions-exchange.fr\/wp-content\/uploads\/2022\/images\/Barracuda\/wafass-5-300x300.png\" class=\"attachment-medium size-medium\" alt=\"\" srcset=\"https:\/\/www.solutions-exchange.fr\/wp-content\/uploads\/2022\/images\/Barracuda\/wafass-5-300x300.png 300w, https:\/\/www.solutions-exchange.fr\/wp-content\/uploads\/2022\/images\/Barracuda\/wafass-5-150x150.png 150w, https:\/\/www.solutions-exchange.fr\/wp-content\/uploads\/2022\/images\/Barracuda\/wafass-5.png 332w\" sizes=\"auto, (max-width: 300px) 100vw, 300px\" \/>  <\/div><\/div>[\/vc_column][vc_column]<div class=\"eut-empty-space\" style=\"height: 32px;\"><\/div>[\/vc_column][\/vc_row][vc_row][vc_column]<div class=\"eut-empty-space\" style=\"height: 32px;\"><\/div>[\/vc_column][vc_column width=\u00a0\u00bb1\/2&Prime;]<div class=\"eut-element eut-image eut-align-center\" style=\"\">  <div class=\"eut-image-wrapper\"><img loading=\"lazy\" decoding=\"async\" width=\"300\" height=\"229\" src=\"https:\/\/www.solutions-exchange.fr\/wp-content\/uploads\/2022\/images\/Barracuda\/wafass-6-300x229.png\" class=\"attachment-medium size-medium\" alt=\"\" srcset=\"https:\/\/www.solutions-exchange.fr\/wp-content\/uploads\/2022\/images\/Barracuda\/wafass-6-300x229.png 300w, https:\/\/www.solutions-exchange.fr\/wp-content\/uploads\/2022\/images\/Barracuda\/wafass-6.png 556w\" sizes=\"auto, (max-width: 300px) 100vw, 300px\" \/>  <\/div><\/div>[\/vc_column][vc_column width=\u00a0\u00bb1\/2&Prime;][vc_column_text]<\/p>\n<h3>Profitez de fonctions de reporting performantes<\/h3>\n<p>Dans un contexte de cadres r\u00e9glementaires et de r\u00e8gles de protection des donn\u00e9es priv\u00e9es en croissance quasi exponentielle, d\u00e9montrer une parfaite conformit\u00e9 \u00e0 ces r\u00e8gles est un processus fastidieux et continu. La quantit\u00e9 de ressources consomm\u00e9es par ce processus peut devenir colossale.<\/p>\n<p>Barracuda WAF-as-a-Service g\u00e9n\u00e8re automatiquement des journaux d\u00e9taill\u00e9s et propose des rapports personnalis\u00e9s \u00e0 la demande. Ainsi, la conformit\u00e9 \u00e0 la r\u00e9glementation devient enfin quelque chose de facile \u00e0 d\u00e9montrer.<\/p>\n<p>De plus, gr\u00e2ce \u00e0 une visibilit\u00e9 tr\u00e8s fine sur le trafic des applications et sur le comportement des utilisateurs, vous disposez d&rsquo;informations pr\u00e9cieuses et exploitables pour \u00e9laborer vos strat\u00e9gies.[\/vc_column_text][\/vc_column][vc_column]<div class=\"eut-empty-space\" style=\"height: 32px;\"><\/div>[\/vc_column][\/vc_row][vc_row][vc_column]<div class=\"eut-empty-space\" style=\"height: 32px;\"><\/div>[vc_column_text]<\/p>\n<h2 style=\"text-align: center;\">Barracuda WAF-as-a-Service est certifi\u00e9.<\/h2>\n<p>[\/vc_column_text]<div class=\"eut-empty-space\" style=\"height: 32px;\"><\/div><div class=\"eut-element eut-image eut-align-center\" style=\"\">  <div class=\"eut-image-wrapper\"><img loading=\"lazy\" decoding=\"async\" width=\"557\" height=\"157\" src=\"https:\/\/www.solutions-exchange.fr\/wp-content\/uploads\/2022\/images\/Barracuda\/wafass-7.png\" class=\"attachment-full size-full\" alt=\"\" srcset=\"https:\/\/www.solutions-exchange.fr\/wp-content\/uploads\/2022\/images\/Barracuda\/wafass-7.png 557w, https:\/\/www.solutions-exchange.fr\/wp-content\/uploads\/2022\/images\/Barracuda\/wafass-7-300x85.png 300w\" sizes=\"auto, (max-width: 557px) 100vw, 557px\" \/>  <\/div><\/div>[\/vc_column][\/vc_row][vc_row rc_bg_type=\u00a0\u00bbcolor\u00a0\u00bb rc_bg_color=\u00a0\u00bb#0860a3&Prime;][vc_column][vc_row_inner][vc_column_inner]<div class=\"eut-empty-space\" style=\"height: 32px;\"><\/div>[vc_column_text]<\/p>\n<h2 style=\"text-align: center;\"><span style=\"color: #ffffff;\">La s\u00e9curit\u00e9 en quelques minutes<\/span><\/h2>\n<p style=\"text-align: center;\"><span style=\"color: #ffffff;\">Avec un d\u00e9marrage en seulement cinq \u00e9tapes, il devient possible de limiter les attaques contre les applications en un tournemain.<\/span><\/p>\n<p>[\/vc_column_text][\/vc_column_inner][\/vc_row_inner]<div class=\"eut-empty-space\" style=\"height: 32px;\"><\/div><div class=\"eut-element eut-align-center\"><a href=\"https:\/\/www.solutions-exchange.fr\/index.php\/formulaire-demande-acces-a-une-version-de-test-de-wafaas\/\" target=\"_blank\" class=\"eut-btn eut-btn-medium eut-square eut-bg-red eut-bg-hover-red\" style=\"width: 400px;\"><span>D\u00e9marrer l'essai WAF as a service<\/span><\/a><\/div>[\/vc_column][\/vc_row]<\/p>\n","protected":false},"excerpt":{"rendered":"<p>[vc_row height_ratio=\u00a0\u00bb40&Prime; rc_bg_type=\u00a0\u00bbimage\u00a0\u00bb rc_bg_image=\u00a0\u00bb1544&Prime;][vc_column][vc_column_text] Barracuda WAFaas S\u00e9curisation compl\u00e8te des applications et des sites web[\/vc_column_text][\/vc_column][\/vc_row][vc_row][vc_column][\/vc_column][vc_column width=\u00a0\u00bb1\/2&Prime;][vc_column_text] La s\u00e9curit\u00e9 en quelques minutes La s\u00e9curit\u00e9 en quelques minutes La configuration des pare-feux de type web application firewall classiques peut n\u00e9cessiter plusieurs jours de travail. Mais en tant que service de s\u00e9curit\u00e9 des applications complet fourni depuis le cloud, [&hellip;]<\/p>\n","protected":false},"author":1,"featured_media":0,"parent":961,"menu_order":0,"comment_status":"closed","ping_status":"closed","template":"","meta":{"_uag_custom_page_level_css":"","footnotes":""},"class_list":["post-2190","page","type-page","status-publish","hentry"],"yoast_head":"<!-- This site is optimized with the Yoast SEO plugin v27.4 - https:\/\/yoast.com\/product\/yoast-seo-wordpress\/ -->\n<title>Barracuda WAFaas - Solutions Exchange<\/title>\n<meta name=\"robots\" content=\"index, follow, max-snippet:-1, max-image-preview:large, max-video-preview:-1\" \/>\n<link rel=\"canonical\" href=\"https:\/\/www.solutions-exchange.fr\/index.php\/barracuda\/barracuda-wafaas\/\" \/>\n<meta property=\"og:locale\" content=\"fr_FR\" \/>\n<meta property=\"og:type\" content=\"article\" \/>\n<meta property=\"og:title\" content=\"Barracuda WAFaas - Solutions Exchange\" \/>\n<meta property=\"og:description\" content=\"[vc_row height_ratio=\u00a0\u00bb40&Prime; rc_bg_type=\u00a0\u00bbimage\u00a0\u00bb rc_bg_image=\u00a0\u00bb1544&Prime;][vc_column][vc_column_text] Barracuda WAFaas S\u00e9curisation compl\u00e8te des applications et des sites web[\/vc_column_text][\/vc_column][\/vc_row][vc_row][vc_column][\/vc_column][vc_column width=\u00a0\u00bb1\/2&Prime;][vc_column_text] La s\u00e9curit\u00e9 en quelques minutes La s\u00e9curit\u00e9 en quelques minutes La configuration des pare-feux de type web application firewall classiques peut n\u00e9cessiter plusieurs jours de travail. Mais en tant que service de s\u00e9curit\u00e9 des applications complet fourni depuis le cloud, [&hellip;]\" \/>\n<meta property=\"og:url\" content=\"https:\/\/www.solutions-exchange.fr\/index.php\/barracuda\/barracuda-wafaas\/\" \/>\n<meta property=\"og:site_name\" content=\"Solutions Exchange\" \/>\n<meta property=\"article:modified_time\" content=\"2023-09-07T14:11:11+00:00\" \/>\n<meta name=\"twitter:card\" content=\"summary_large_image\" \/>\n<meta name=\"twitter:label1\" content=\"Dur\u00e9e de lecture estim\u00e9e\" \/>\n\t<meta name=\"twitter:data1\" content=\"5 minutes\" \/>\n<script type=\"application\/ld+json\" class=\"yoast-schema-graph\">{\"@context\":\"https:\\\/\\\/schema.org\",\"@graph\":[{\"@type\":\"WebPage\",\"@id\":\"https:\\\/\\\/www.solutions-exchange.fr\\\/index.php\\\/barracuda\\\/barracuda-wafaas\\\/\",\"url\":\"https:\\\/\\\/www.solutions-exchange.fr\\\/index.php\\\/barracuda\\\/barracuda-wafaas\\\/\",\"name\":\"Barracuda WAFaas - Solutions Exchange\",\"isPartOf\":{\"@id\":\"https:\\\/\\\/www.solutions-exchange.fr\\\/#website\"},\"datePublished\":\"2022-01-19T13:25:29+00:00\",\"dateModified\":\"2023-09-07T14:11:11+00:00\",\"breadcrumb\":{\"@id\":\"https:\\\/\\\/www.solutions-exchange.fr\\\/index.php\\\/barracuda\\\/barracuda-wafaas\\\/#breadcrumb\"},\"inLanguage\":\"fr-FR\",\"potentialAction\":[{\"@type\":\"ReadAction\",\"target\":[\"https:\\\/\\\/www.solutions-exchange.fr\\\/index.php\\\/barracuda\\\/barracuda-wafaas\\\/\"]}]},{\"@type\":\"BreadcrumbList\",\"@id\":\"https:\\\/\\\/www.solutions-exchange.fr\\\/index.php\\\/barracuda\\\/barracuda-wafaas\\\/#breadcrumb\",\"itemListElement\":[{\"@type\":\"ListItem\",\"position\":1,\"name\":\"Accueil\",\"item\":\"https:\\\/\\\/www.solutions-exchange.fr\\\/\"},{\"@type\":\"ListItem\",\"position\":2,\"name\":\"Barracuda\",\"item\":\"https:\\\/\\\/www.solutions-exchange.fr\\\/index.php\\\/barracuda\\\/\"},{\"@type\":\"ListItem\",\"position\":3,\"name\":\"Barracuda WAFaas\"}]},{\"@type\":\"WebSite\",\"@id\":\"https:\\\/\\\/www.solutions-exchange.fr\\\/#website\",\"url\":\"https:\\\/\\\/www.solutions-exchange.fr\\\/\",\"name\":\"Solutions Exchange\",\"description\":\"\",\"potentialAction\":[{\"@type\":\"SearchAction\",\"target\":{\"@type\":\"EntryPoint\",\"urlTemplate\":\"https:\\\/\\\/www.solutions-exchange.fr\\\/?s={search_term_string}\"},\"query-input\":{\"@type\":\"PropertyValueSpecification\",\"valueRequired\":true,\"valueName\":\"search_term_string\"}}],\"inLanguage\":\"fr-FR\"}]}<\/script>\n<!-- \/ Yoast SEO plugin. -->","yoast_head_json":{"title":"Barracuda WAFaas - Solutions Exchange","robots":{"index":"index","follow":"follow","max-snippet":"max-snippet:-1","max-image-preview":"max-image-preview:large","max-video-preview":"max-video-preview:-1"},"canonical":"https:\/\/www.solutions-exchange.fr\/index.php\/barracuda\/barracuda-wafaas\/","og_locale":"fr_FR","og_type":"article","og_title":"Barracuda WAFaas - Solutions Exchange","og_description":"[vc_row height_ratio=\u00a0\u00bb40&Prime; rc_bg_type=\u00a0\u00bbimage\u00a0\u00bb rc_bg_image=\u00a0\u00bb1544&Prime;][vc_column][vc_column_text] Barracuda WAFaas S\u00e9curisation compl\u00e8te des applications et des sites web[\/vc_column_text][\/vc_column][\/vc_row][vc_row][vc_column][\/vc_column][vc_column width=\u00a0\u00bb1\/2&Prime;][vc_column_text] La s\u00e9curit\u00e9 en quelques minutes La s\u00e9curit\u00e9 en quelques minutes La configuration des pare-feux de type web application firewall classiques peut n\u00e9cessiter plusieurs jours de travail. Mais en tant que service de s\u00e9curit\u00e9 des applications complet fourni depuis le cloud, [&hellip;]","og_url":"https:\/\/www.solutions-exchange.fr\/index.php\/barracuda\/barracuda-wafaas\/","og_site_name":"Solutions Exchange","article_modified_time":"2023-09-07T14:11:11+00:00","twitter_card":"summary_large_image","twitter_misc":{"Dur\u00e9e de lecture estim\u00e9e":"5 minutes"},"schema":{"@context":"https:\/\/schema.org","@graph":[{"@type":"WebPage","@id":"https:\/\/www.solutions-exchange.fr\/index.php\/barracuda\/barracuda-wafaas\/","url":"https:\/\/www.solutions-exchange.fr\/index.php\/barracuda\/barracuda-wafaas\/","name":"Barracuda WAFaas - Solutions Exchange","isPartOf":{"@id":"https:\/\/www.solutions-exchange.fr\/#website"},"datePublished":"2022-01-19T13:25:29+00:00","dateModified":"2023-09-07T14:11:11+00:00","breadcrumb":{"@id":"https:\/\/www.solutions-exchange.fr\/index.php\/barracuda\/barracuda-wafaas\/#breadcrumb"},"inLanguage":"fr-FR","potentialAction":[{"@type":"ReadAction","target":["https:\/\/www.solutions-exchange.fr\/index.php\/barracuda\/barracuda-wafaas\/"]}]},{"@type":"BreadcrumbList","@id":"https:\/\/www.solutions-exchange.fr\/index.php\/barracuda\/barracuda-wafaas\/#breadcrumb","itemListElement":[{"@type":"ListItem","position":1,"name":"Accueil","item":"https:\/\/www.solutions-exchange.fr\/"},{"@type":"ListItem","position":2,"name":"Barracuda","item":"https:\/\/www.solutions-exchange.fr\/index.php\/barracuda\/"},{"@type":"ListItem","position":3,"name":"Barracuda WAFaas"}]},{"@type":"WebSite","@id":"https:\/\/www.solutions-exchange.fr\/#website","url":"https:\/\/www.solutions-exchange.fr\/","name":"Solutions Exchange","description":"","potentialAction":[{"@type":"SearchAction","target":{"@type":"EntryPoint","urlTemplate":"https:\/\/www.solutions-exchange.fr\/?s={search_term_string}"},"query-input":{"@type":"PropertyValueSpecification","valueRequired":true,"valueName":"search_term_string"}}],"inLanguage":"fr-FR"}]}},"uagb_featured_image_src":{"full":false,"thumbnail":false,"medium":false,"medium_large":false,"large":false,"1536x1536":false,"2048x2048":false,"zuperla-eutf-large-rect-horizontal":false,"zuperla-eutf-small-square":false,"zuperla-eutf-small-rect-horizontal":false,"zuperla-eutf-small-rect-vertical":false,"zuperla-eutf-medium-square":false,"zuperla-eutf-medium-rect-horizontal":false,"zuperla-eutf-medium-rect-vertical":false,"zuperla-eutf-fullscreen":false},"uagb_author_info":{"display_name":"admin6583","author_link":"https:\/\/www.solutions-exchange.fr\/index.php\/author\/admin6583\/"},"uagb_comment_info":0,"uagb_excerpt":"[vc_row height_ratio=\u00a0\u00bb40&Prime; rc_bg_type=\u00a0\u00bbimage\u00a0\u00bb rc_bg_image=\u00a0\u00bb1544&Prime;][vc_column][vc_column_text] Barracuda WAFaas S\u00e9curisation compl\u00e8te des applications et des sites web[\/vc_column_text][\/vc_column][\/vc_row][vc_row][vc_column][\/vc_column][vc_column width=\u00a0\u00bb1\/2&Prime;][vc_column_text] La s\u00e9curit\u00e9 en quelques minutes La s\u00e9curit\u00e9 en quelques minutes La configuration des pare-feux de type web application firewall classiques peut n\u00e9cessiter plusieurs jours de travail. Mais en tant que service de s\u00e9curit\u00e9 des applications complet fourni depuis le cloud,\u2026","_links":{"self":[{"href":"https:\/\/www.solutions-exchange.fr\/index.php\/wp-json\/wp\/v2\/pages\/2190","targetHints":{"allow":["GET"]}}],"collection":[{"href":"https:\/\/www.solutions-exchange.fr\/index.php\/wp-json\/wp\/v2\/pages"}],"about":[{"href":"https:\/\/www.solutions-exchange.fr\/index.php\/wp-json\/wp\/v2\/types\/page"}],"author":[{"embeddable":true,"href":"https:\/\/www.solutions-exchange.fr\/index.php\/wp-json\/wp\/v2\/users\/1"}],"replies":[{"embeddable":true,"href":"https:\/\/www.solutions-exchange.fr\/index.php\/wp-json\/wp\/v2\/comments?post=2190"}],"version-history":[{"count":17,"href":"https:\/\/www.solutions-exchange.fr\/index.php\/wp-json\/wp\/v2\/pages\/2190\/revisions"}],"predecessor-version":[{"id":2838,"href":"https:\/\/www.solutions-exchange.fr\/index.php\/wp-json\/wp\/v2\/pages\/2190\/revisions\/2838"}],"up":[{"embeddable":true,"href":"https:\/\/www.solutions-exchange.fr\/index.php\/wp-json\/wp\/v2\/pages\/961"}],"wp:attachment":[{"href":"https:\/\/www.solutions-exchange.fr\/index.php\/wp-json\/wp\/v2\/media?parent=2190"}],"curies":[{"name":"wp","href":"https:\/\/api.w.org\/{rel}","templated":true}]}}