{"id":3036,"date":"2024-06-14T11:24:49","date_gmt":"2024-06-14T09:24:49","guid":{"rendered":"https:\/\/www.solutions-exchange.fr\/?page_id=3036"},"modified":"2024-06-18T10:56:56","modified_gmt":"2024-06-18T08:56:56","slug":"video-webinar-s01e01-securite-des-postes-de-travail","status":"publish","type":"page","link":"https:\/\/www.solutions-exchange.fr\/index.php\/video-webinar-s01e01-securite-des-postes-de-travail\/","title":{"rendered":"video webinar S01E01 securite des postes de travail"},"content":{"rendered":"<p>[vc_row height_ratio=\u00a0\u00bb40&Prime; rc_bg_type=\u00a0\u00bbimage\u00a0\u00bb rc_bg_image=\u00a0\u00bb191&Prime;][vc_column]<div class=\"eut-empty-space\" style=\"height: 50px;\"><\/div>[vc_column_text]<\/p>\n<h3 style=\"text-align: left;\"><span style=\"color: #ffffff;\">La gestion de la s\u00e9curit\u00e9 au niveau des postes de travail est un \u00e9l\u00e9ment fondamental de la strat\u00e9gie globale de s\u00e9curit\u00e9 de toute entreprise<\/span><\/h3>\n<p>[\/vc_column_text]<div class=\"eut-empty-space\" style=\"height: 50px;\"><\/div>[\/vc_column][\/vc_row][vc_row][vc_column width=\u00a0\u00bb1\/2&Prime;][vc_column_text]<\/p>\n<div class=\"eut-element eut-text\">\n<div class=\"eut-element eut-text\">\n<div class=\"eut-container\">\n<div class=\"eut-row eut-bookmark eut-columns-gap-50 eut-mobile-vertical-gap-30\">\n<div class=\"eut-column wpb_column eut-column-1 eut-bg-none\">\n<div class=\"eut-column-wrapper\">\n<div class=\"eut-column-content\">\n<div class=\"eut-element eut-text\">\n<div class=\"eut-element eut-text\">\n<div class=\"eut-element eut-text\">\n<div class=\"eut-element eut-text\">\n<div class=\"eut-element eut-text\">\n<div class=\"eut-element eut-text\">\n<p>Les Consultants Techniques Solutions Exchange ont cr\u00e9\u00e9 une s\u00e9rie de webinaires \u00ab Pourquoi et Comment \u00bb autour des objectifs de la strat\u00e9gie IT et des solutions connexes qui y r\u00e9pondent.<br \/>\nNous avons le plaisir de vous inviter au 1er webinaire de la s\u00e9rie \u00ab Pourquoi et comment \u00bb dont la saison 1 traite de la S\u00e9curit\u00e9 et qui sera suivi d\u2019une d\u00e9monstration.<\/p>\n<p>La s\u00e9curit\u00e9 des postes de travail est une \u00e9tape incontournable : pourquoi comment ?<\/p>\n<p>Au cours de ce webinaire nous adresserons les 10 raisons cl\u00e9s qui r\u00e9pondent \u00e0 la question :<br \/>\nPourquoi la s\u00e9curit\u00e9 des postes de travail est-elle une \u00e9tape incontournable ?<\/p>\n<p>1.Protection des actifs num\u00e9riques<br \/>\n2. Pr\u00e9vention des cybermenaces<br \/>\n3. Conformit\u00e9 r\u00e9glementaire et l\u00e9gale<br \/>\n4. Maintien de la continuit\u00e9 des activit\u00e9s<br \/>\n5. S\u00e9curit\u00e9 de l\u2019information et confidentialit\u00e9<br \/>\n6. D\u00e9tection et r\u00e9ponse rapide aux incidents<br \/>\n7. Gestion des acc\u00e8s et des privil\u00e8ges<br \/>\n8. Formation et sensibilisation des employ\u00e9s<br \/>\n9. Pr\u00e9servation de la r\u00e9putation de l\u2019entreprise<br \/>\n10. Int\u00e9gration de la s\u00e9curit\u00e9 dans la strat\u00e9gie globale<\/p>\n<p>Une d\u00e9monstration vous montrera comment s\u00e9curiser les postes de travail<\/p>\n<p>Une session de questions r\u00e9ponses cl\u00f4turera ce webinaire.<\/p>\n<\/div>\n<\/div>\n<\/div>\n<\/div>\n<\/div>\n<\/div>\n<\/div>\n<\/div>\n<\/div>\n<\/div>\n<\/div>\n<\/div>\n<\/div>\n<p>[\/vc_column_text]<div class=\"eut-empty-space\" style=\"height: 32px;\"><\/div>[\/vc_column][vc_column width=\u00a0\u00bb1\/2&Prime;]<div class=\"eut-empty-space\" style=\"height: 32px;\"><\/div><div class=\"eut-element eut-video\" style=\"\"><iframe loading=\"lazy\" title=\"S01E01 - S\u00e9curit\u00e9 des postes de travail\" width=\"1080\" height=\"608\" src=\"https:\/\/www.youtube.com\/embed\/Op3ZKA3Ire8?feature=oembed\" frameborder=\"0\" allow=\"accelerometer; autoplay; clipboard-write; encrypted-media; gyroscope; picture-in-picture; web-share\" referrerpolicy=\"strict-origin-when-cross-origin\" allowfullscreen><\/iframe><\/div>[\/vc_column][\/vc_row][vc_row][vc_column]<div class=\"eut-empty-space\" style=\"height: 50px;\"><\/div>[\/vc_column][\/vc_row]<\/p>\n","protected":false},"excerpt":{"rendered":"<p>[vc_row height_ratio=\u00a0\u00bb40&Prime; rc_bg_type=\u00a0\u00bbimage\u00a0\u00bb rc_bg_image=\u00a0\u00bb191&Prime;][vc_column][vc_column_text] La gestion de la s\u00e9curit\u00e9 au niveau des postes de travail est un \u00e9l\u00e9ment fondamental de la strat\u00e9gie globale de s\u00e9curit\u00e9 de toute entreprise [\/vc_column_text][\/vc_column][\/vc_row][vc_row][vc_column width=\u00a0\u00bb1\/2&Prime;][vc_column_text] Les Consultants Techniques Solutions Exchange ont cr\u00e9\u00e9 une s\u00e9rie de webinaires \u00ab Pourquoi et Comment \u00bb autour des objectifs de la strat\u00e9gie IT et des [&hellip;]<\/p>\n","protected":false},"author":1,"featured_media":0,"parent":0,"menu_order":0,"comment_status":"closed","ping_status":"closed","template":"","meta":{"_uag_custom_page_level_css":"","footnotes":""},"class_list":["post-3036","page","type-page","status-publish","hentry"],"yoast_head":"<!-- This site is optimized with the Yoast SEO plugin v27.3 - https:\/\/yoast.com\/product\/yoast-seo-wordpress\/ -->\n<title>video webinar S01E01 securite des postes de travail - Solutions Exchange<\/title>\n<meta name=\"robots\" content=\"index, follow, max-snippet:-1, max-image-preview:large, max-video-preview:-1\" \/>\n<link rel=\"canonical\" href=\"https:\/\/www.solutions-exchange.fr\/index.php\/video-webinar-s01e01-securite-des-postes-de-travail\/\" \/>\n<meta property=\"og:locale\" content=\"fr_FR\" \/>\n<meta property=\"og:type\" content=\"article\" \/>\n<meta property=\"og:title\" content=\"video webinar S01E01 securite des postes de travail - Solutions Exchange\" \/>\n<meta property=\"og:description\" content=\"[vc_row height_ratio=\u00a0\u00bb40&Prime; rc_bg_type=\u00a0\u00bbimage\u00a0\u00bb rc_bg_image=\u00a0\u00bb191&Prime;][vc_column][vc_column_text] La gestion de la s\u00e9curit\u00e9 au niveau des postes de travail est un \u00e9l\u00e9ment fondamental de la strat\u00e9gie globale de s\u00e9curit\u00e9 de toute entreprise [\/vc_column_text][\/vc_column][\/vc_row][vc_row][vc_column width=\u00a0\u00bb1\/2&Prime;][vc_column_text] Les Consultants Techniques Solutions Exchange ont cr\u00e9\u00e9 une s\u00e9rie de webinaires \u00ab Pourquoi et Comment \u00bb autour des objectifs de la strat\u00e9gie IT et des [&hellip;]\" \/>\n<meta property=\"og:url\" content=\"https:\/\/www.solutions-exchange.fr\/index.php\/video-webinar-s01e01-securite-des-postes-de-travail\/\" \/>\n<meta property=\"og:site_name\" content=\"Solutions Exchange\" \/>\n<meta property=\"article:modified_time\" content=\"2024-06-18T08:56:56+00:00\" \/>\n<meta name=\"twitter:card\" content=\"summary_large_image\" \/>\n<meta name=\"twitter:label1\" content=\"Dur\u00e9e de lecture estim\u00e9e\" \/>\n\t<meta name=\"twitter:data1\" content=\"2 minutes\" \/>\n<script type=\"application\/ld+json\" class=\"yoast-schema-graph\">{\"@context\":\"https:\\\/\\\/schema.org\",\"@graph\":[{\"@type\":\"WebPage\",\"@id\":\"https:\\\/\\\/www.solutions-exchange.fr\\\/index.php\\\/video-webinar-s01e01-securite-des-postes-de-travail\\\/\",\"url\":\"https:\\\/\\\/www.solutions-exchange.fr\\\/index.php\\\/video-webinar-s01e01-securite-des-postes-de-travail\\\/\",\"name\":\"video webinar S01E01 securite des postes de travail - Solutions Exchange\",\"isPartOf\":{\"@id\":\"https:\\\/\\\/www.solutions-exchange.fr\\\/#website\"},\"datePublished\":\"2024-06-14T09:24:49+00:00\",\"dateModified\":\"2024-06-18T08:56:56+00:00\",\"breadcrumb\":{\"@id\":\"https:\\\/\\\/www.solutions-exchange.fr\\\/index.php\\\/video-webinar-s01e01-securite-des-postes-de-travail\\\/#breadcrumb\"},\"inLanguage\":\"fr-FR\",\"potentialAction\":[{\"@type\":\"ReadAction\",\"target\":[\"https:\\\/\\\/www.solutions-exchange.fr\\\/index.php\\\/video-webinar-s01e01-securite-des-postes-de-travail\\\/\"]}]},{\"@type\":\"BreadcrumbList\",\"@id\":\"https:\\\/\\\/www.solutions-exchange.fr\\\/index.php\\\/video-webinar-s01e01-securite-des-postes-de-travail\\\/#breadcrumb\",\"itemListElement\":[{\"@type\":\"ListItem\",\"position\":1,\"name\":\"Accueil\",\"item\":\"https:\\\/\\\/www.solutions-exchange.fr\\\/\"},{\"@type\":\"ListItem\",\"position\":2,\"name\":\"video webinar S01E01 securite des postes de travail\"}]},{\"@type\":\"WebSite\",\"@id\":\"https:\\\/\\\/www.solutions-exchange.fr\\\/#website\",\"url\":\"https:\\\/\\\/www.solutions-exchange.fr\\\/\",\"name\":\"Solutions Exchange\",\"description\":\"\",\"potentialAction\":[{\"@type\":\"SearchAction\",\"target\":{\"@type\":\"EntryPoint\",\"urlTemplate\":\"https:\\\/\\\/www.solutions-exchange.fr\\\/?s={search_term_string}\"},\"query-input\":{\"@type\":\"PropertyValueSpecification\",\"valueRequired\":true,\"valueName\":\"search_term_string\"}}],\"inLanguage\":\"fr-FR\"}]}<\/script>\n<!-- \/ Yoast SEO plugin. -->","yoast_head_json":{"title":"video webinar S01E01 securite des postes de travail - Solutions Exchange","robots":{"index":"index","follow":"follow","max-snippet":"max-snippet:-1","max-image-preview":"max-image-preview:large","max-video-preview":"max-video-preview:-1"},"canonical":"https:\/\/www.solutions-exchange.fr\/index.php\/video-webinar-s01e01-securite-des-postes-de-travail\/","og_locale":"fr_FR","og_type":"article","og_title":"video webinar S01E01 securite des postes de travail - Solutions Exchange","og_description":"[vc_row height_ratio=\u00a0\u00bb40&Prime; rc_bg_type=\u00a0\u00bbimage\u00a0\u00bb rc_bg_image=\u00a0\u00bb191&Prime;][vc_column][vc_column_text] La gestion de la s\u00e9curit\u00e9 au niveau des postes de travail est un \u00e9l\u00e9ment fondamental de la strat\u00e9gie globale de s\u00e9curit\u00e9 de toute entreprise [\/vc_column_text][\/vc_column][\/vc_row][vc_row][vc_column width=\u00a0\u00bb1\/2&Prime;][vc_column_text] Les Consultants Techniques Solutions Exchange ont cr\u00e9\u00e9 une s\u00e9rie de webinaires \u00ab Pourquoi et Comment \u00bb autour des objectifs de la strat\u00e9gie IT et des [&hellip;]","og_url":"https:\/\/www.solutions-exchange.fr\/index.php\/video-webinar-s01e01-securite-des-postes-de-travail\/","og_site_name":"Solutions Exchange","article_modified_time":"2024-06-18T08:56:56+00:00","twitter_card":"summary_large_image","twitter_misc":{"Dur\u00e9e de lecture estim\u00e9e":"2 minutes"},"schema":{"@context":"https:\/\/schema.org","@graph":[{"@type":"WebPage","@id":"https:\/\/www.solutions-exchange.fr\/index.php\/video-webinar-s01e01-securite-des-postes-de-travail\/","url":"https:\/\/www.solutions-exchange.fr\/index.php\/video-webinar-s01e01-securite-des-postes-de-travail\/","name":"video webinar S01E01 securite des postes de travail - Solutions Exchange","isPartOf":{"@id":"https:\/\/www.solutions-exchange.fr\/#website"},"datePublished":"2024-06-14T09:24:49+00:00","dateModified":"2024-06-18T08:56:56+00:00","breadcrumb":{"@id":"https:\/\/www.solutions-exchange.fr\/index.php\/video-webinar-s01e01-securite-des-postes-de-travail\/#breadcrumb"},"inLanguage":"fr-FR","potentialAction":[{"@type":"ReadAction","target":["https:\/\/www.solutions-exchange.fr\/index.php\/video-webinar-s01e01-securite-des-postes-de-travail\/"]}]},{"@type":"BreadcrumbList","@id":"https:\/\/www.solutions-exchange.fr\/index.php\/video-webinar-s01e01-securite-des-postes-de-travail\/#breadcrumb","itemListElement":[{"@type":"ListItem","position":1,"name":"Accueil","item":"https:\/\/www.solutions-exchange.fr\/"},{"@type":"ListItem","position":2,"name":"video webinar S01E01 securite des postes de travail"}]},{"@type":"WebSite","@id":"https:\/\/www.solutions-exchange.fr\/#website","url":"https:\/\/www.solutions-exchange.fr\/","name":"Solutions Exchange","description":"","potentialAction":[{"@type":"SearchAction","target":{"@type":"EntryPoint","urlTemplate":"https:\/\/www.solutions-exchange.fr\/?s={search_term_string}"},"query-input":{"@type":"PropertyValueSpecification","valueRequired":true,"valueName":"search_term_string"}}],"inLanguage":"fr-FR"}]}},"uagb_featured_image_src":{"full":false,"thumbnail":false,"medium":false,"medium_large":false,"large":false,"1536x1536":false,"2048x2048":false,"zuperla-eutf-large-rect-horizontal":false,"zuperla-eutf-small-square":false,"zuperla-eutf-small-rect-horizontal":false,"zuperla-eutf-small-rect-vertical":false,"zuperla-eutf-medium-square":false,"zuperla-eutf-medium-rect-horizontal":false,"zuperla-eutf-medium-rect-vertical":false,"zuperla-eutf-fullscreen":false},"uagb_author_info":{"display_name":"admin6583","author_link":"https:\/\/www.solutions-exchange.fr\/index.php\/author\/admin6583\/"},"uagb_comment_info":0,"uagb_excerpt":"[vc_row height_ratio=\u00a0\u00bb40&Prime; rc_bg_type=\u00a0\u00bbimage\u00a0\u00bb rc_bg_image=\u00a0\u00bb191&Prime;][vc_column][vc_column_text] La gestion de la s\u00e9curit\u00e9 au niveau des postes de travail est un \u00e9l\u00e9ment fondamental de la strat\u00e9gie globale de s\u00e9curit\u00e9 de toute entreprise [\/vc_column_text][\/vc_column][\/vc_row][vc_row][vc_column width=\u00a0\u00bb1\/2&Prime;][vc_column_text] Les Consultants Techniques Solutions Exchange ont cr\u00e9\u00e9 une s\u00e9rie de webinaires \u00ab Pourquoi et Comment \u00bb autour des objectifs de la strat\u00e9gie IT et des\u2026","_links":{"self":[{"href":"https:\/\/www.solutions-exchange.fr\/index.php\/wp-json\/wp\/v2\/pages\/3036","targetHints":{"allow":["GET"]}}],"collection":[{"href":"https:\/\/www.solutions-exchange.fr\/index.php\/wp-json\/wp\/v2\/pages"}],"about":[{"href":"https:\/\/www.solutions-exchange.fr\/index.php\/wp-json\/wp\/v2\/types\/page"}],"author":[{"embeddable":true,"href":"https:\/\/www.solutions-exchange.fr\/index.php\/wp-json\/wp\/v2\/users\/1"}],"replies":[{"embeddable":true,"href":"https:\/\/www.solutions-exchange.fr\/index.php\/wp-json\/wp\/v2\/comments?post=3036"}],"version-history":[{"count":7,"href":"https:\/\/www.solutions-exchange.fr\/index.php\/wp-json\/wp\/v2\/pages\/3036\/revisions"}],"predecessor-version":[{"id":3051,"href":"https:\/\/www.solutions-exchange.fr\/index.php\/wp-json\/wp\/v2\/pages\/3036\/revisions\/3051"}],"wp:attachment":[{"href":"https:\/\/www.solutions-exchange.fr\/index.php\/wp-json\/wp\/v2\/media?parent=3036"}],"curies":[{"name":"wp","href":"https:\/\/api.w.org\/{rel}","templated":true}]}}