{"id":614,"date":"2021-08-12T09:49:09","date_gmt":"2021-08-12T07:49:09","guid":{"rendered":"https:\/\/contact.solutions-exchange.fr\/?page_id=614"},"modified":"2021-11-09T17:53:25","modified_gmt":"2021-11-09T16:53:25","slug":"netwrix-auditor-oracle","status":"publish","type":"page","link":"https:\/\/www.solutions-exchange.fr\/index.php\/netwrix-auditor-oracle\/","title":{"rendered":"Netwrix Auditor Oracle"},"content":{"rendered":"<p>[vc_row height_ratio=\u00a0\u00bb40&Prime; rc_bg_type=\u00a0\u00bbimage\u00a0\u00bb rc_bg_image=\u00a0\u00bb1544&Prime;][vc_column]<div class=\"eut-empty-space\" style=\"height: 150px;\"><\/div>[\/vc_column][vc_column][vc_column_text]<\/p>\n<h3><span class=\"white-text\" style=\"color: #ffffff;\">Netwrix Auditor pour Oracle<\/span><\/h3>\n<p><span class=\"white-text\" style=\"color: #ffffff;\">Visibilit\u00e9 totale sur les modifications et les acc\u00e8s affectant Oracle Database<\/span>[\/vc_column_text][\/vc_column][vc_column]<div class=\"eut-empty-space\" style=\"height: 150px;\"><\/div>[\/vc_column][\/vc_row][vc_row][vc_column]<div class=\"eut-empty-space\" style=\"height: 32px;\"><\/div>[vc_column_text]<\/p>\n<h4 style=\"text-align: center;\"><strong>Logiciel d&rsquo;Audit pour Oracle<\/strong><\/h4>\n<p style=\"text-align: center;\">Netwrix Auditor pour les bases de donn\u00e9es Oracle fournit des analyses de s\u00e9curit\u00e9 sur les objets de base de donn\u00e9es, les r\u00f4les et permissions, ainsi que sur les acc\u00e8s en succ\u00e8s ou en \u00e9chec sur les bases de donn\u00e9es de production et les donn\u00e9es structur\u00e9es. Ses capacit\u00e9s de supervision de l&rsquo;activit\u00e9 des bases aident \u00e0 d\u00e9tecter les failles, pour que les Organisation renforcent la s\u00e9curit\u00e9 de leurs bases Oracle et garantir leur disponibilit\u00e9.<\/p>\n<p>[\/vc_column_text]<div class=\"eut-empty-space\" style=\"height: 32px;\"><\/div>[\/vc_column][vc_column width=\u00a0\u00bb1\/3&Prime;]<div class=\"eut-element eut-single-icon eut-align-center eut-small\" style=\"\">  <div class=\"eut-wrapper-icon eut-no-shape eut-text-grey\"><i class=\"fas fa-key eut-text-primary-6\"><\/i><\/div><\/div>[vc_column_text]<\/p>\n<h4 style=\"text-align: center;\">Vision compl\u00e8te sur tous les \u00e9v\u00e9nements d&rsquo;acc\u00e8s \u00e0 Oracle<\/h4>\n<p style=\"text-align: center;\">Obtenez une visibilit\u00e9 compl\u00e8te sur tous les acc\u00e8s en succ\u00e8s ou en \u00e9chec, permettant ainsi de renforcer la s\u00e9curit\u00e9 des bases de donn\u00e9es Oracle et prot\u00e9ger les donn\u00e9es critiques contre les acc\u00e8s non autoris\u00e9s.<\/p>\n<p>[\/vc_column_text][\/vc_column][vc_column width=\u00a0\u00bb1\/3&Prime;]<div class=\"eut-element eut-single-icon eut-align-center eut-small\" style=\"\">  <div class=\"eut-wrapper-icon eut-no-shape eut-text-grey\"><i class=\"far fa-file eut-text-primary-6\"><\/i><\/div><\/div>[vc_column_text]<\/p>\n<h4 style=\"text-align: center;\">Recherche interactive des donn\u00e9es d&rsquo;audit<\/h4>\n<p style=\"text-align: center;\">Permet aux admins SQL ou aux autres personnes ayant les permissions, d&rsquo;effectuer rapidement des recherches sur les donn\u00e9es d&rsquo;audit. R\u00e9alisez des recherches simple en utilisant des crit\u00e8res tr\u00e8s granulaires permettant de r\u00e9pondre et investiguer lors d&rsquo;un incident.<\/p>\n<p>[\/vc_column_text]<div class=\"eut-empty-space\" style=\"height: 32px;\"><\/div>[\/vc_column][vc_column width=\u00a0\u00bb1\/3&Prime;]<div class=\"eut-element eut-single-icon eut-align-center eut-small\" style=\"\">  <div class=\"eut-wrapper-icon eut-no-shape eut-text-grey\"><i class=\"fas fa-search eut-text-primary-6\"><\/i><\/div><\/div>[vc_column_text]<\/p>\n<h4 style=\"text-align: center;\">Qui a chang\u00e9 Quoi, Quand et O\u00f9<\/h4>\n<p style=\"text-align: center;\">Identifiez simplement qui a r\u00e9alis\u00e9 un changement sp\u00e9cifique, quand et o\u00f9 sur vos bases de donn\u00e9es Oracle.<\/p>\n<p>[\/vc_column_text][\/vc_column][vc_column width=\u00a0\u00bb1\/3&Prime;]<div class=\"eut-element eut-single-icon eut-align-center eut-small\" style=\"\">  <div class=\"eut-wrapper-icon eut-no-shape eut-text-grey\"><i class=\"fas fa-user-alt-slash eut-text-primary-6\"><\/i><\/div><\/div>[vc_column_text]<\/p>\n<h4 style=\"text-align: center;\">Tableau de bord et rapports d&rsquo;audit d\u00e9taill\u00e9s<\/h4>\n<p style=\"text-align: center;\">Acc\u00e9dez \u00e0 un ensemble de rapport d&rsquo;audit pr\u00e9d\u00e9finis avec la possibilit\u00e9 de filtrer, classer, exporter les donn\u00e9es d&rsquo;audit et de s&rsquo;abonner aux rapports par email.<\/p>\n<p>[\/vc_column_text][\/vc_column][vc_column width=\u00a0\u00bb1\/3&Prime;]<div class=\"eut-element eut-single-icon eut-align-center eut-small\" style=\"\">  <div class=\"eut-wrapper-icon eut-no-shape eut-text-grey\"><i class=\"fas fa-balance-scale eut-text-primary-6\"><\/i><\/div><\/div>[vc_column_text]<\/p>\n<h4 style=\"text-align: center;\">Facilitez la mie en conformit\u00e9 de vos bases Oracle avec les normes comme ISO, PCI DSS, SOX &#8230;<\/h4>\n<p style=\"text-align: center;\">R\u00e9duisez les difficult\u00e9s de mise en conformit\u00e9 de vos bases Oracle 11g et 12c avec les rapports int\u00e9gr\u00e9s de Netwrix Auditor pour les normes ISO\/IEC 27001, PCI DSS 3.0, SOX, FISMA.NIST800-53 ou HIPAA.<\/p>\n<p>[\/vc_column_text][\/vc_column][vc_column width=\u00a0\u00bb1\/3&Prime;]<div class=\"eut-element eut-single-icon eut-align-center eut-small\" style=\"\">  <div class=\"eut-wrapper-icon eut-no-shape eut-text-grey\"><i class=\"fas fa-balance-scale eut-text-primary-6\"><\/i><\/div><\/div>[vc_column_text]<\/p>\n<h4 style=\"text-align: center;\">Fonctionnement sans agent<\/h4>\n<p style=\"text-align: center;\">Fonctionnez sans installation d&rsquo;agents pour ne jamais interf\u00e9rer avec les processus syst\u00e8mes et pour r\u00e9duire significativement les risques de panne.<\/p>\n<p>[\/vc_column_text]<div class=\"eut-empty-space\" style=\"height: 32px;\"><\/div>[\/vc_column][vc_column][\/vc_column][\/vc_row][vc_row rc_bg_type=\u00a0\u00bbcolor\u00a0\u00bb rc_bg_color=\u00a0\u00bb#0860a3&Prime;][vc_column]<div class=\"eut-empty-space\" style=\"height: 32px;\"><\/div>[\/vc_column][vc_column width=\u00a0\u00bb1\/2&Prime;][vc_column_text]<\/p>\n<h4><span style=\"color: #ffffff;\">Identifiez et tracez les comportements anormaux de vos utilisateurs pour renforcer la s\u00e9curit\u00e9 de vos bases Oracle<\/span><\/h4>\n<p><span style=\"color: #ffffff;\">Activez le suivi de vos bases de donn\u00e9es pour garder un \u0153il sur ce qui se passe sur l&rsquo;ensemble de vos bases de donn\u00e9es,sur les sessions d&rsquo;un utilisateur, y compris les modifications des privil\u00e8ges utilisateurs, des r\u00f4les, des tables, des vues et des d\u00e9clencheurs, ainsi que toutes les modifications ou acc\u00e8s en succ\u00e8s ou en \u00e9checsur vos donn\u00e9es structur\u00e9es ou vos bases de donn\u00e9es en production. D\u00e9tectez dynamiquement les failles de s\u00e9curit\u00e9 de vos bases de donn\u00e9es, tels que les suppressions de table, d&rsquo;enregistrement ou de comptes utilisateurs r\u00e9cemment activ\u00e9s, pouvant compromettre la s\u00e9curit\u00e9 de vos bases de donn\u00e9es Oracle. De plus, d\u00e9m\u00ealez les activit\u00e9s suspectes avec les fonctions de recherche intuitives \u00e0 la Google.<\/span>[\/vc_column_text][\/vc_column][vc_column width=\u00a0\u00bb1\/2&Prime;]<div class=\"eut-element eut-image eut-align-center\" style=\"\">  <div class=\"eut-image-wrapper\"><img loading=\"lazy\" decoding=\"async\" width=\"640\" height=\"450\" src=\"https:\/\/www.solutions-exchange.fr\/wp-content\/uploads\/2021\/Netwrix\/identify_and_track_down_anomalies_in_user_behavior.png\" class=\"attachment-full size-full\" alt=\"\" srcset=\"https:\/\/www.solutions-exchange.fr\/wp-content\/uploads\/2021\/Netwrix\/identify_and_track_down_anomalies_in_user_behavior.png 640w, https:\/\/www.solutions-exchange.fr\/wp-content\/uploads\/2021\/Netwrix\/identify_and_track_down_anomalies_in_user_behavior-300x211.png 300w\" sizes=\"auto, (max-width: 640px) 100vw, 640px\" \/>  <\/div><\/div>[\/vc_column][vc_column]<div class=\"eut-empty-space\" style=\"height: 32px;\"><\/div>[\/vc_column][\/vc_row][vc_row][vc_column]<div class=\"eut-empty-space\" style=\"height: 32px;\"><\/div>[\/vc_column][vc_column width=\u00a0\u00bb1\/2&Prime;]<div class=\"eut-element eut-image eut-align-center\" style=\"\">  <div class=\"eut-image-wrapper\"><img loading=\"lazy\" decoding=\"async\" width=\"640\" height=\"450\" src=\"https:\/\/www.solutions-exchange.fr\/wp-content\/uploads\/2021\/Netwrix\/get_a_high_level_yet_insightful_overview.png\" class=\"attachment-full size-full\" alt=\"\" srcset=\"https:\/\/www.solutions-exchange.fr\/wp-content\/uploads\/2021\/Netwrix\/get_a_high_level_yet_insightful_overview.png 640w, https:\/\/www.solutions-exchange.fr\/wp-content\/uploads\/2021\/Netwrix\/get_a_high_level_yet_insightful_overview-300x211.png 300w\" sizes=\"auto, (max-width: 640px) 100vw, 640px\" \/>  <\/div><\/div>[\/vc_column][vc_column width=\u00a0\u00bb1\/2&Prime;][vc_column_text]<\/p>\n<h4>Obtenez une tr\u00e8s grande visibilit\u00e9 sur l&rsquo;activit\u00e9 de vos bases de donn\u00e9es Oracle pour v\u00e9rifier que vos cont\u00f4les sont en place<\/h4>\n<p>Rationalisez le contr\u00f4le de vos bases de donn\u00e9es avec une visibilit\u00e9 sur l&rsquo;activit\u00e9 sur les bases de donn\u00e9es Oracle, \u00e0 la fois en succ\u00e8s et en \u00e9chec, et veiller \u00e0 ce qu&rsquo;aucun des param\u00e8tres ou des r\u00f4les de configuration n&rsquo;aient \u00e9t\u00e9 modifi\u00e9s sans que vous en soyez avertis\u00a0et que ces tables avec des donn\u00e9es sensibles n&rsquo;ont \u00e9t\u00e9 consult\u00e9es que par le personnel autoris\u00e9. Avec l&rsquo;intelligence d\u00e9cisionnelle de Netwrix Auditor, les administrateurs de bases de donn\u00e9es Oracle peuvent analyser ce qui se passe sur leurs bases de donn\u00e9es, d\u00e9tecter les pics d&rsquo;activit\u00e9, et identifier et chasser les actions suspectes.\u00a0Et parce que ces activit\u00e9s sont maintenue archiv\u00e9es pendant des ann\u00e9es et peuvent \u00eatre facilement accessible \u00e0 tout moment, les administrateurs Oracle peuvent r\u00e9pondre plus rapidement et avec plus de d\u00e9tails aux demandes des auditeurs sur l&rsquo;activit\u00e9 pendant une p\u00e9riode de temps particuli\u00e8re.[\/vc_column_text][\/vc_column][vc_column]<div class=\"eut-empty-space\" style=\"height: 32px;\"><\/div>[\/vc_column][\/vc_row][vc_row rc_bg_type=\u00a0\u00bbcolor\u00a0\u00bb rc_bg_color=\u00a0\u00bb#0860a3&Prime;][vc_column]<div class=\"eut-empty-space\" style=\"height: 32px;\"><\/div>[\/vc_column][vc_column width=\u00a0\u00bb1\/2&Prime;][vc_column_text]<\/p>\n<h4><span style=\"color: #ffffff;\">Surveillez l&rsquo;activit\u00e9 des bases de donn\u00e9es Oracle sans processus manuels fastidieux<\/span><\/h4>\n<p><span style=\"color: #ffffff;\">Gardez un oeil sur les donn\u00e9es structur\u00e9es en maintenant un contr\u00f4le total sur les changements et les acc\u00e8s aux bases de donn\u00e9es Oracle. Examinez r\u00e9guli\u00e8rement les rapports pr\u00e9d\u00e9finis pour rep\u00e9rer rapidement les activit\u00e9s illicites et ainsi minimiser les risques d&rsquo;une atteinte \u00e0 la s\u00e9curit\u00e9 des bases de donn\u00e9es. Gardez les responsables inform\u00e9s au sujet des modifications sur les permissions de r\u00f4le, quels utilisateurs ont essay\u00e9 et \u00e9chou\u00e9 \u00e0 plusieurs reprises de lire ou de modifier vos donn\u00e9es, quelles politiques d&rsquo;audit ont \u00e9t\u00e9 modifi\u00e9s sans votre approbation, et en les abonnant en plus aux rapports dont ils ont besoin.<\/span>[\/vc_column_text][\/vc_column][vc_column width=\u00a0\u00bb1\/2&Prime;]<div class=\"eut-element eut-image eut-align-center\" style=\"\">  <div class=\"eut-image-wrapper\"><img loading=\"lazy\" decoding=\"async\" width=\"640\" height=\"450\" src=\"https:\/\/www.solutions-exchange.fr\/wp-content\/uploads\/2021\/Netwrix\/monitor_oracle_database_activity_without_time_consuming_manual_processes.png\" class=\"attachment-full size-full\" alt=\"\" srcset=\"https:\/\/www.solutions-exchange.fr\/wp-content\/uploads\/2021\/Netwrix\/monitor_oracle_database_activity_without_time_consuming_manual_processes.png 640w, https:\/\/www.solutions-exchange.fr\/wp-content\/uploads\/2021\/Netwrix\/monitor_oracle_database_activity_without_time_consuming_manual_processes-300x211.png 300w\" sizes=\"auto, (max-width: 640px) 100vw, 640px\" \/>  <\/div><\/div>[\/vc_column][vc_column]<div class=\"eut-empty-space\" style=\"height: 32px;\"><\/div>[\/vc_column][\/vc_row][vc_row][vc_column]<div class=\"eut-empty-space\" style=\"height: 32px;\"><\/div>[\/vc_column][vc_column][vc_column_text]<\/p>\n<h4 style=\"text-align: center;\">Fournissez un acc\u00e8s aux donn\u00e9es d&rsquo;audit de vos bases Oracle\u00a0aux personnes qui en ont besoin dans votre organisation.<\/h4>\n<p>[\/vc_column_text][\/vc_column][vc_column]<div class=\"eut-element eut-image eut-align-center\" style=\"\">  <div class=\"eut-image-wrapper\"><img loading=\"lazy\" decoding=\"async\" width=\"1138\" height=\"392\" src=\"https:\/\/www.solutions-exchange.fr\/wp-content\/uploads\/2021\/Netwrix\/Pyramide_fr.png\" class=\"attachment-full size-full\" alt=\"\" srcset=\"https:\/\/www.solutions-exchange.fr\/wp-content\/uploads\/2021\/Netwrix\/Pyramide_fr.png 1138w, https:\/\/www.solutions-exchange.fr\/wp-content\/uploads\/2021\/Netwrix\/Pyramide_fr-300x103.png 300w, https:\/\/www.solutions-exchange.fr\/wp-content\/uploads\/2021\/Netwrix\/Pyramide_fr-1024x353.png 1024w, https:\/\/www.solutions-exchange.fr\/wp-content\/uploads\/2021\/Netwrix\/Pyramide_fr-768x265.png 768w\" sizes=\"auto, (max-width: 1138px) 100vw, 1138px\" \/>  <\/div><\/div>[\/vc_column][vc_column]<div class=\"eut-empty-space\" style=\"height: 32px;\"><\/div>[\/vc_column][\/vc_row][vc_row][vc_column width=\u00a0\u00bb1\/4&Prime;]<div class=\"eut-element eut-image eut-align-center\" style=\"\">  <div class=\"eut-image-wrapper\"><img loading=\"lazy\" decoding=\"async\" width=\"100\" height=\"65\" src=\"https:\/\/www.solutions-exchange.fr\/wp-content\/uploads\/2021\/NDC\/Gartner_100x65.png\" class=\"attachment-full size-full\" alt=\"\" \/>  <\/div><\/div><blockquote class=\"eut-element eut-animated-item eut-fade-in eut-duration-slow eut-align-center\" style=\"\" data-delay=\"200\"><p>\u00a0Les outils d&rsquo;audit vous aident \u00e0 analyser vos configurations selon les meilleures pratiques, \u00e0 faire respecter les normes en vigueur et r\u00e9pondre ainsi aux exigences r\u00e9glementaires&#8230;<\/p><\/blockquote>[\/vc_column][vc_column width=\u00a0\u00bb1\/4&Prime;]<div class=\"eut-element eut-image eut-align-center\" style=\"\">  <div class=\"eut-image-wrapper\"><img loading=\"lazy\" decoding=\"async\" width=\"100\" height=\"65\" src=\"https:\/\/www.solutions-exchange.fr\/wp-content\/uploads\/2021\/NDC\/Redmond_100x65.png\" class=\"attachment-full size-full\" alt=\"\" \/>  <\/div><\/div><blockquote class=\"eut-element eut-animated-item eut-fade-in eut-duration-slow eut-align-center\" style=\"\" data-delay=\"200\"><p>L&rsquo;activit\u00e9 d&rsquo;audit est habituellement une t\u00e2che difficile et fastidieuse, surtout si elle est r\u00e9alis\u00e9e manuellement. Les nombreux d\u00e9tails dont vous devez avoir connaissance sont pris en charge par Netwrix Auditor&#8230;<\/p><\/blockquote>[\/vc_column][vc_column width=\u00a0\u00bb1\/4&Prime;]<div class=\"eut-element eut-image eut-align-center\" style=\"\">  <div class=\"eut-image-wrapper\"><img loading=\"lazy\" decoding=\"async\" width=\"100\" height=\"65\" src=\"https:\/\/www.solutions-exchange.fr\/wp-content\/uploads\/2021\/NDC\/WindowsItPro_100x65.png\" class=\"attachment-full size-full\" alt=\"\" \/>  <\/div><\/div><blockquote class=\"eut-element eut-animated-item eut-fade-in eut-duration-slow eut-align-center\" style=\"\" data-delay=\"200\"><p>Le meilleur produit pour la 4\u00e8me ann\u00e9e cons\u00e9cutive\u00a0pour Active Directory et Group Policy et le meilleur produit d&rsquo;audit et de mise en conformit\u00e9&#8230;<\/p><\/blockquote>[\/vc_column][vc_column width=\u00a0\u00bb1\/4&Prime;]<div class=\"eut-element eut-image eut-align-center\" style=\"\">  <div class=\"eut-image-wrapper\"><img loading=\"lazy\" decoding=\"async\" width=\"100\" height=\"65\" src=\"https:\/\/www.solutions-exchange.fr\/wp-content\/uploads\/2021\/NDC\/PetriIT_100x65.png\" class=\"attachment-full size-full\" alt=\"\" \/>  <\/div><\/div><blockquote class=\"eut-element eut-animated-item eut-fade-in eut-duration-slow eut-align-center\" style=\"\" data-delay=\"200\"><p>Netwrix Auditor a obtenu la note de 5 \u00e9toiles (sur 5) et il est conseill\u00e9 \u00e0 toutes les\u00a0entreprises utilisant Active Directory de le tester&#8230;<\/p><\/blockquote>[\/vc_column][\/vc_row]<\/p>\n","protected":false},"excerpt":{"rendered":"<p>[vc_row height_ratio=\u00a0\u00bb40&Prime; rc_bg_type=\u00a0\u00bbimage\u00a0\u00bb rc_bg_image=\u00a0\u00bb1544&Prime;][vc_column][\/vc_column][vc_column][vc_column_text] Netwrix Auditor pour Oracle Visibilit\u00e9 totale sur les modifications et les acc\u00e8s affectant Oracle Database[\/vc_column_text][\/vc_column][vc_column][\/vc_column][\/vc_row][vc_row][vc_column][vc_column_text] Logiciel d&rsquo;Audit pour Oracle Netwrix Auditor pour les bases de donn\u00e9es Oracle fournit des analyses de s\u00e9curit\u00e9 sur les objets de base de donn\u00e9es, les r\u00f4les et permissions, ainsi que sur les acc\u00e8s en succ\u00e8s ou [&hellip;]<\/p>\n","protected":false},"author":1,"featured_media":0,"parent":0,"menu_order":0,"comment_status":"closed","ping_status":"closed","template":"","meta":{"_uag_custom_page_level_css":"","footnotes":""},"class_list":["post-614","page","type-page","status-publish","hentry"],"yoast_head":"<!-- This site is optimized with the Yoast SEO plugin v27.4 - https:\/\/yoast.com\/product\/yoast-seo-wordpress\/ -->\n<title>Netwrix Auditor Oracle - Solutions Exchange<\/title>\n<meta name=\"robots\" content=\"index, follow, max-snippet:-1, max-image-preview:large, max-video-preview:-1\" \/>\n<link rel=\"canonical\" href=\"https:\/\/www.solutions-exchange.fr\/index.php\/netwrix-auditor-oracle\/\" \/>\n<meta property=\"og:locale\" content=\"fr_FR\" \/>\n<meta property=\"og:type\" content=\"article\" \/>\n<meta property=\"og:title\" content=\"Netwrix Auditor Oracle - Solutions Exchange\" \/>\n<meta property=\"og:description\" content=\"[vc_row height_ratio=\u00a0\u00bb40&Prime; rc_bg_type=\u00a0\u00bbimage\u00a0\u00bb rc_bg_image=\u00a0\u00bb1544&Prime;][vc_column][\/vc_column][vc_column][vc_column_text] Netwrix Auditor pour Oracle Visibilit\u00e9 totale sur les modifications et les acc\u00e8s affectant Oracle Database[\/vc_column_text][\/vc_column][vc_column][\/vc_column][\/vc_row][vc_row][vc_column][vc_column_text] Logiciel d&rsquo;Audit pour Oracle Netwrix Auditor pour les bases de donn\u00e9es Oracle fournit des analyses de s\u00e9curit\u00e9 sur les objets de base de donn\u00e9es, les r\u00f4les et permissions, ainsi que sur les acc\u00e8s en succ\u00e8s ou [&hellip;]\" \/>\n<meta property=\"og:url\" content=\"https:\/\/www.solutions-exchange.fr\/index.php\/netwrix-auditor-oracle\/\" \/>\n<meta property=\"og:site_name\" content=\"Solutions Exchange\" \/>\n<meta property=\"article:modified_time\" content=\"2021-11-09T16:53:25+00:00\" \/>\n<meta name=\"twitter:card\" content=\"summary_large_image\" \/>\n<meta name=\"twitter:label1\" content=\"Dur\u00e9e de lecture estim\u00e9e\" \/>\n\t<meta name=\"twitter:data1\" content=\"5 minutes\" \/>\n<script type=\"application\/ld+json\" class=\"yoast-schema-graph\">{\"@context\":\"https:\\\/\\\/schema.org\",\"@graph\":[{\"@type\":\"WebPage\",\"@id\":\"https:\\\/\\\/www.solutions-exchange.fr\\\/index.php\\\/netwrix-auditor-oracle\\\/\",\"url\":\"https:\\\/\\\/www.solutions-exchange.fr\\\/index.php\\\/netwrix-auditor-oracle\\\/\",\"name\":\"Netwrix Auditor Oracle - Solutions Exchange\",\"isPartOf\":{\"@id\":\"https:\\\/\\\/www.solutions-exchange.fr\\\/#website\"},\"datePublished\":\"2021-08-12T07:49:09+00:00\",\"dateModified\":\"2021-11-09T16:53:25+00:00\",\"breadcrumb\":{\"@id\":\"https:\\\/\\\/www.solutions-exchange.fr\\\/index.php\\\/netwrix-auditor-oracle\\\/#breadcrumb\"},\"inLanguage\":\"fr-FR\",\"potentialAction\":[{\"@type\":\"ReadAction\",\"target\":[\"https:\\\/\\\/www.solutions-exchange.fr\\\/index.php\\\/netwrix-auditor-oracle\\\/\"]}]},{\"@type\":\"BreadcrumbList\",\"@id\":\"https:\\\/\\\/www.solutions-exchange.fr\\\/index.php\\\/netwrix-auditor-oracle\\\/#breadcrumb\",\"itemListElement\":[{\"@type\":\"ListItem\",\"position\":1,\"name\":\"Accueil\",\"item\":\"https:\\\/\\\/www.solutions-exchange.fr\\\/\"},{\"@type\":\"ListItem\",\"position\":2,\"name\":\"Netwrix Auditor Oracle\"}]},{\"@type\":\"WebSite\",\"@id\":\"https:\\\/\\\/www.solutions-exchange.fr\\\/#website\",\"url\":\"https:\\\/\\\/www.solutions-exchange.fr\\\/\",\"name\":\"Solutions Exchange\",\"description\":\"\",\"potentialAction\":[{\"@type\":\"SearchAction\",\"target\":{\"@type\":\"EntryPoint\",\"urlTemplate\":\"https:\\\/\\\/www.solutions-exchange.fr\\\/?s={search_term_string}\"},\"query-input\":{\"@type\":\"PropertyValueSpecification\",\"valueRequired\":true,\"valueName\":\"search_term_string\"}}],\"inLanguage\":\"fr-FR\"}]}<\/script>\n<!-- \/ Yoast SEO plugin. -->","yoast_head_json":{"title":"Netwrix Auditor Oracle - Solutions Exchange","robots":{"index":"index","follow":"follow","max-snippet":"max-snippet:-1","max-image-preview":"max-image-preview:large","max-video-preview":"max-video-preview:-1"},"canonical":"https:\/\/www.solutions-exchange.fr\/index.php\/netwrix-auditor-oracle\/","og_locale":"fr_FR","og_type":"article","og_title":"Netwrix Auditor Oracle - Solutions Exchange","og_description":"[vc_row height_ratio=\u00a0\u00bb40&Prime; rc_bg_type=\u00a0\u00bbimage\u00a0\u00bb rc_bg_image=\u00a0\u00bb1544&Prime;][vc_column][\/vc_column][vc_column][vc_column_text] Netwrix Auditor pour Oracle Visibilit\u00e9 totale sur les modifications et les acc\u00e8s affectant Oracle Database[\/vc_column_text][\/vc_column][vc_column][\/vc_column][\/vc_row][vc_row][vc_column][vc_column_text] Logiciel d&rsquo;Audit pour Oracle Netwrix Auditor pour les bases de donn\u00e9es Oracle fournit des analyses de s\u00e9curit\u00e9 sur les objets de base de donn\u00e9es, les r\u00f4les et permissions, ainsi que sur les acc\u00e8s en succ\u00e8s ou [&hellip;]","og_url":"https:\/\/www.solutions-exchange.fr\/index.php\/netwrix-auditor-oracle\/","og_site_name":"Solutions Exchange","article_modified_time":"2021-11-09T16:53:25+00:00","twitter_card":"summary_large_image","twitter_misc":{"Dur\u00e9e de lecture estim\u00e9e":"5 minutes"},"schema":{"@context":"https:\/\/schema.org","@graph":[{"@type":"WebPage","@id":"https:\/\/www.solutions-exchange.fr\/index.php\/netwrix-auditor-oracle\/","url":"https:\/\/www.solutions-exchange.fr\/index.php\/netwrix-auditor-oracle\/","name":"Netwrix Auditor Oracle - Solutions Exchange","isPartOf":{"@id":"https:\/\/www.solutions-exchange.fr\/#website"},"datePublished":"2021-08-12T07:49:09+00:00","dateModified":"2021-11-09T16:53:25+00:00","breadcrumb":{"@id":"https:\/\/www.solutions-exchange.fr\/index.php\/netwrix-auditor-oracle\/#breadcrumb"},"inLanguage":"fr-FR","potentialAction":[{"@type":"ReadAction","target":["https:\/\/www.solutions-exchange.fr\/index.php\/netwrix-auditor-oracle\/"]}]},{"@type":"BreadcrumbList","@id":"https:\/\/www.solutions-exchange.fr\/index.php\/netwrix-auditor-oracle\/#breadcrumb","itemListElement":[{"@type":"ListItem","position":1,"name":"Accueil","item":"https:\/\/www.solutions-exchange.fr\/"},{"@type":"ListItem","position":2,"name":"Netwrix Auditor Oracle"}]},{"@type":"WebSite","@id":"https:\/\/www.solutions-exchange.fr\/#website","url":"https:\/\/www.solutions-exchange.fr\/","name":"Solutions Exchange","description":"","potentialAction":[{"@type":"SearchAction","target":{"@type":"EntryPoint","urlTemplate":"https:\/\/www.solutions-exchange.fr\/?s={search_term_string}"},"query-input":{"@type":"PropertyValueSpecification","valueRequired":true,"valueName":"search_term_string"}}],"inLanguage":"fr-FR"}]}},"uagb_featured_image_src":{"full":false,"thumbnail":false,"medium":false,"medium_large":false,"large":false,"1536x1536":false,"2048x2048":false,"zuperla-eutf-large-rect-horizontal":false,"zuperla-eutf-small-square":false,"zuperla-eutf-small-rect-horizontal":false,"zuperla-eutf-small-rect-vertical":false,"zuperla-eutf-medium-square":false,"zuperla-eutf-medium-rect-horizontal":false,"zuperla-eutf-medium-rect-vertical":false,"zuperla-eutf-fullscreen":false},"uagb_author_info":{"display_name":"admin6583","author_link":"https:\/\/www.solutions-exchange.fr\/index.php\/author\/admin6583\/"},"uagb_comment_info":0,"uagb_excerpt":"[vc_row height_ratio=\u00a0\u00bb40&Prime; rc_bg_type=\u00a0\u00bbimage\u00a0\u00bb rc_bg_image=\u00a0\u00bb1544&Prime;][vc_column][\/vc_column][vc_column][vc_column_text] Netwrix Auditor pour Oracle Visibilit\u00e9 totale sur les modifications et les acc\u00e8s affectant Oracle Database[\/vc_column_text][\/vc_column][vc_column][\/vc_column][\/vc_row][vc_row][vc_column][vc_column_text] Logiciel d&rsquo;Audit pour Oracle Netwrix Auditor pour les bases de donn\u00e9es Oracle fournit des analyses de s\u00e9curit\u00e9 sur les objets de base de donn\u00e9es, les r\u00f4les et permissions, ainsi que sur les acc\u00e8s en succ\u00e8s ou\u2026","_links":{"self":[{"href":"https:\/\/www.solutions-exchange.fr\/index.php\/wp-json\/wp\/v2\/pages\/614","targetHints":{"allow":["GET"]}}],"collection":[{"href":"https:\/\/www.solutions-exchange.fr\/index.php\/wp-json\/wp\/v2\/pages"}],"about":[{"href":"https:\/\/www.solutions-exchange.fr\/index.php\/wp-json\/wp\/v2\/types\/page"}],"author":[{"embeddable":true,"href":"https:\/\/www.solutions-exchange.fr\/index.php\/wp-json\/wp\/v2\/users\/1"}],"replies":[{"embeddable":true,"href":"https:\/\/www.solutions-exchange.fr\/index.php\/wp-json\/wp\/v2\/comments?post=614"}],"version-history":[{"count":3,"href":"https:\/\/www.solutions-exchange.fr\/index.php\/wp-json\/wp\/v2\/pages\/614\/revisions"}],"predecessor-version":[{"id":1570,"href":"https:\/\/www.solutions-exchange.fr\/index.php\/wp-json\/wp\/v2\/pages\/614\/revisions\/1570"}],"wp:attachment":[{"href":"https:\/\/www.solutions-exchange.fr\/index.php\/wp-json\/wp\/v2\/media?parent=614"}],"curies":[{"name":"wp","href":"https:\/\/api.w.org\/{rel}","templated":true}]}}